{"id":1921,"date":"2018-04-16T19:08:00","date_gmt":"2018-04-16T19:08:00","guid":{"rendered":"http:\/\/torcalpower.com\/web3\/?page_id=1921"},"modified":"2018-04-27T18:15:39","modified_gmt":"2018-04-27T18:15:39","slug":"our-team-7","status":"publish","type":"page","link":"https:\/\/torcalpower.com\/web3\/productos\/our-team-7\/","title":{"rendered":"Accesorios"},"content":{"rendered":"<p>[vc_row parallax_speed=&#8221;4&#8243; parallax_x=&#8221;4&#8243; parallax_y=&#8221;4&#8243; css=&#8221;.vc_custom_1489141509910{padding-bottom: 50px !important;}&#8221;][vc_column]\n\t\t<div class=\"flat-team  has-image\">\n\t\t\t\n\t\t\t<div class=\"team-image\">\n\t\t\t\t<img src=\"https:\/\/torcalpower.com\/web3\/wp-content\/uploads\/2018\/04\/Accesorios_Hotstart.jpg\" alt=\"HOTSTART\" \/>\n\t\t\t<\/div>\n\t\t\t\t\t\n\t\t\t<div class=\"team-info\">\t\n\t\t\t\t<h3 class=\"team-name\">HOTSTART<\/h3>\t\t\t\n\t\t\t\t<div class=\"team-desc\">Somos representantes de ventas HOTSTART para dimensionar, suministrar, instalar y dar mantenimiento a los sistemas de precalentamiento, refrigerantes y de aceites con circulaci\u00f3n para motores.<\/div>\n\t\t\t\t\n\t\t\t\t\n\t\t\t<p class=\"box-readmore\">\n\t\t\t\t<a href=\"http:\/\/torcalpower.com\/web3\/pdf\/accesorios\/hotstart.pdf\">Descargar PDF<\/a>\n\t\t\t<\/p>\n\t\t\t<\/div>\n\t\t<\/div>\n\t\n\t\t<div class=\"flat-team  has-image\">\n\t\t\t\n\t\t\t<div class=\"team-image\">\n\t\t\t\t<img src=\"https:\/\/torcalpower.com\/web3\/wp-content\/uploads\/2018\/04\/Generadores_La_Marche.jpg\" alt=\"La Marche\" \/>\n\t\t\t<\/div>\n\t\t\t\t\t\n\t\t\t<div class=\"team-info\">\t\n\t\t\t\t<h3 class=\"team-name\">La Marche<\/h3>\t\t\t\n\t\t\t\t<div class=\"team-desc\">Somos representantes de ventas para dimensionamiento, provisi\u00f3n, instalaci\u00f3n y mantenimiento de sistemas cargadores de bater\u00edas.<\/div>\n\t\t\t\t\n\t\t\t\t\n\t\t\t<p class=\"box-readmore\">\n\t\t\t\t<a href=\"http:\/\/torcalpower.com\/web3\/pdf\/LaMarche_catalogo.pdf\">Descargar PDF<\/a>\n\t\t\t<\/p>\n\t\t\t<\/div>\n\t\t<\/div>\n\t\n\t\t<div class=\"flat-team  has-image\">\n\t\t\t\n\t\t\t<div class=\"team-image\">\n\t\t\t\t<img src=\"https:\/\/torcalpower.com\/web3\/wp-content\/uploads\/2018\/04\/Accesorios_Torcal_Power.jpg\" alt=\"Accesorios Industriales\" \/>\n\t\t\t<\/div>\n\t\t\t\t\t\n\t\t\t<div class=\"team-info\">\t\n\t\t\t\t<h3 class=\"team-name\">Accesorios Industriales<\/h3>\t\t\t\n\t\t\t\t<div class=\"team-desc\">Tableros de transferencia autom\u00e1ticas importadas originales.<br \/>\nBater\u00edas de arranque importadas.<br \/>\nAmortiguadores de vibraci\u00f3n elastomeros o de resortes importados.<br \/>\nCabinas ac\u00fasticas originales de f\u00e1brica, personalizadas.<br \/>\nAceites lubricantes de alta calidad con bases importadas.<br \/>\nKit de Mantenimiento Originales: Filtros de aires, Aceite, combustible.<\/div>\n\t\t\t\t\n\t\t\t\t\n\t\t\t<\/div>\n\t\t<\/div>\n\t\n\t\t<div class=\"flat-team  has-image\">\n\t\t\t\n\t\t\t<div class=\"team-image\">\n\t\t\t\t<img src=\"https:\/\/torcalpower.com\/web3\/wp-content\/uploads\/2018\/04\/Accesorios_littesFuse.jpg\" alt=\"LITTELFUSE\" \/>\n\t\t\t<\/div>\n\t\t\t\t\t\n\t\t\t<div class=\"team-info\">\t\n\t\t\t\t<h3 class=\"team-name\">LITTELFUSE<\/h3>\t\t\t\n\t\t\t\t<div class=\"team-desc\">Torcal Power es distribuidor para venta e instalaci\u00f3n de los productos industriales, automotrices, Relay, Fusibles y dem\u00e1s productos.<\/div>\n\t\t\t\t\n\t\t\t\t\n\t\t\t<p class=\"box-readmore\">\n\t\t\t\t<a href=\"http:\/\/www.littelfuse.com\/products.aspx\">Visita www.littelfuse.com<\/a>\n\t\t\t<\/p>\n\t\t\t<\/div>\n\t\t<\/div>\n\t[\/vc_column][\/vc_row]<\/p>\n","protected":false},"excerpt":{"rendered":"<p>[vc_row parallax_speed=&#8221;4&#8243; parallax_x=&#8221;4&#8243; parallax_y=&#8221;4&#8243; css=&#8221;.vc_custom_1489141509910{padding-bottom: 50px !important;}&#8221;][vc_column][\/vc_column][\/vc_row]<\/p>\n","protected":false},"author":1,"featured_media":0,"parent":515,"menu_order":0,"comment_status":"closed","ping_status":"closed","template":"tpl\/page_single.php","meta":{"_exactmetrics_skip_tracking":false,"_exactmetrics_sitenote_active":false,"_exactmetrics_sitenote_note":"","_exactmetrics_sitenote_category":0},"_links":{"self":[{"href":"https:\/\/torcalpower.com\/web3\/wp-json\/wp\/v2\/pages\/1921"}],"collection":[{"href":"https:\/\/torcalpower.com\/web3\/wp-json\/wp\/v2\/pages"}],"about":[{"href":"https:\/\/torcalpower.com\/web3\/wp-json\/wp\/v2\/types\/page"}],"author":[{"embeddable":true,"href":"https:\/\/torcalpower.com\/web3\/wp-json\/wp\/v2\/users\/1"}],"replies":[{"embeddable":true,"href":"https:\/\/torcalpower.com\/web3\/wp-json\/wp\/v2\/comments?post=1921"}],"version-history":[{"count":10,"href":"https:\/\/torcalpower.com\/web3\/wp-json\/wp\/v2\/pages\/1921\/revisions"}],"predecessor-version":[{"id":2168,"href":"https:\/\/torcalpower.com\/web3\/wp-json\/wp\/v2\/pages\/1921\/revisions\/2168"}],"up":[{"embeddable":true,"href":"https:\/\/torcalpower.com\/web3\/wp-json\/wp\/v2\/pages\/515"}],"wp:attachment":[{"href":"https:\/\/torcalpower.com\/web3\/wp-json\/wp\/v2\/media?parent=1921"}],"curies":[{"name":"wp","href":"https:\/\/api.w.org\/{rel}","templated":true}]}}