{"id":1798,"date":"2018-04-09T12:46:31","date_gmt":"2018-04-09T12:46:31","guid":{"rendered":"http:\/\/torcalpower.com\/web3\/?page_id=1798"},"modified":"2018-04-20T23:19:56","modified_gmt":"2018-04-20T23:19:56","slug":"services-2","status":"publish","type":"page","link":"https:\/\/torcalpower.com\/web3\/services\/services-2\/","title":{"rendered":"Instalaci\u00f3n"},"content":{"rendered":"<p>[vc_row][vc_column width=&#8221;1\/2&#8243;][vc_single_image image=&#8221;1784&#8243; img_size=&#8221;full&#8221;][\/vc_column][vc_column width=&#8221;1\/2&#8243;][vc_column_text]En\u00a0Torcal Power proporcionamos servicios de instalaci\u00f3n de equipos industriales a empresas de sectores como navieras, generaci\u00f3n el\u00e9ctrica, producci\u00f3n industrial y un amplio abanico de m\u00e1s sectores.<\/p>\n<p>Realizamos soluciones tecnol\u00f3gicas de ingenier\u00eda que incluyen instalaci\u00f3n de Generadores industriales, Sistemas de Control de Calidad, Comercializamos y distribuimos de forma directa.[\/vc_column_text][\/vc_column][\/vc_row][vc_row][vc_column][vc_empty_space][\/vc_column][\/vc_row][vc_row full_width=&#8221;stretch_row_content_no_spaces&#8221;][vc_column][vc_single_image image=&#8221;2099&#8243; img_size=&#8221;full&#8221;][\/vc_column][\/vc_row]<\/p>\n","protected":false},"excerpt":{"rendered":"<p>[vc_row][vc_column width=&#8221;1\/2&#8243;][vc_single_image image=&#8221;1784&#8243; img_size=&#8221;full&#8221;][\/vc_column][vc_column width=&#8221;1\/2&#8243;][vc_column_text]En\u00a0Torcal Power proporcionamos servicios de instalaci\u00f3n de equipos industriales a empresas de sectores como navieras, generaci\u00f3n el\u00e9ctrica, producci\u00f3n industrial y un amplio abanico de m\u00e1s sectores. Realizamos soluciones tecnol\u00f3gicas de ingenier\u00eda que incluyen instalaci\u00f3n de Generadores industriales, Sistemas de Control de Calidad, Comercializamos y distribuimos de forma [&hellip;]<\/p>\n","protected":false},"author":1,"featured_media":0,"parent":517,"menu_order":0,"comment_status":"closed","ping_status":"closed","template":"tpl\/page_fullwidth.php","meta":{"_exactmetrics_skip_tracking":false,"_exactmetrics_sitenote_active":false,"_exactmetrics_sitenote_note":"","_exactmetrics_sitenote_category":0},"_links":{"self":[{"href":"https:\/\/torcalpower.com\/web3\/wp-json\/wp\/v2\/pages\/1798"}],"collection":[{"href":"https:\/\/torcalpower.com\/web3\/wp-json\/wp\/v2\/pages"}],"about":[{"href":"https:\/\/torcalpower.com\/web3\/wp-json\/wp\/v2\/types\/page"}],"author":[{"embeddable":true,"href":"https:\/\/torcalpower.com\/web3\/wp-json\/wp\/v2\/users\/1"}],"replies":[{"embeddable":true,"href":"https:\/\/torcalpower.com\/web3\/wp-json\/wp\/v2\/comments?post=1798"}],"version-history":[{"count":6,"href":"https:\/\/torcalpower.com\/web3\/wp-json\/wp\/v2\/pages\/1798\/revisions"}],"predecessor-version":[{"id":2103,"href":"https:\/\/torcalpower.com\/web3\/wp-json\/wp\/v2\/pages\/1798\/revisions\/2103"}],"up":[{"embeddable":true,"href":"https:\/\/torcalpower.com\/web3\/wp-json\/wp\/v2\/pages\/517"}],"wp:attachment":[{"href":"https:\/\/torcalpower.com\/web3\/wp-json\/wp\/v2\/media?parent=1798"}],"curies":[{"name":"wp","href":"https:\/\/api.w.org\/{rel}","templated":true}]}}